3*f - 3*u. What is the remainder when f is divided by t?
12
Let a = 31 - -297. Suppose -3*q + 3*p = -p - 326, -3*q = -2*p - a. Suppose -q = -5*m - 45. What is the remainder when m is divided by 5?
3
Suppose -5*t + 25 = 5*j - 0*t, j - 9 = -5*t. Suppose -4*x = w - 9, 2*w = -0*w - j*x + 22. What is the remainder when w is divided by 7?
6
Let p(z) = 3 - 2*z - z + z + 0 + z**2. What is the remainder when p(5) is divided by 7?
4
Let d = -45 - -66. What is the remainder when 57 is divided by d?
15
Let s = 14 - 0. What is the remainder when (-53)/(-2) - 2/(-4) is divided by s?
13
Let b = 437 + -306. What is the remainder when b is divided by 33?
32
Let j be (-3 - -1)/(0 + 2). Let s = j + 3. Calculate the remainder when s is divided by 2.
0
Suppose -3*j = 2*l + 6, -2*j + 0 = 4. Let y be -7 - (1 - l - 1). Let b(q) = q**2 + 3*q. What is the remainder when b(y) is divided by 10?
8
Suppose -2*i = -2*j - 34, 4*i - 55 = -i - 5*j. Let h = 24 - i. What is the remainder when h is divided by 6?
4
What is the remainder when 298/6 - 2/(-6) is divided by 26?
24
Let q = -104 - -159. Let o = q - 30. What is the remainder when o is divided by 7?
4
Suppose -3*v - 78 + 21 = 0. Let b(q) = q - 4. Calculate the remainder when (-2)/12 - v/6 is divided by b(6).
1
Suppose -102*z = -100*z - 108. What is the remainder when z is divided by 19?
16
Let s = 10 - 7. Suppose -2*p + 3 = -s, 5*k = 3*p + 16. Suppose -k*r - 2 = 2*g - 3, -5*r = -2*g - 9. Calculate the remainder when r is divided by 1.
0
Let a(r) = r**3 + 4*r**2 - 5*r - 6. Suppose -8 = 2*m - 0. Let d(s) = -s + 40. Calculate the remainder when d(0) is divided by a(m).
12
Let n be (-2)/(-6)*9/1. Let g = n + 1. What is the remainder when (-289)/(-34) + (-2)/(-4) is divided by g?
1
Let v = 0 - -1. Calculate the remainder when 33 - (1 + (v - -1)) is divided by 8.
6
Let s = 9 - 9. Suppose 5*b + 2*r + 1 = s, -5*b + 25 - 8 = -4*r. What is the remainder when b is divided by 1?
0
Let y = -35 - -25. Let j = y + 14. What is the remainder when 15 is divided by j?
3
Calculate the remainder when 3 + 1020/5 + -3 is divided by 41.
40
Let o = -9 - -6. What is the remainder when 22 is divided by 2/o*(1 + -19)?
10
Let l = 11 + 1. What is the remainder when 59 is divided by l?
11
Let i(g) = 44*g**2 + g. Suppose -2 = -8*d + 6*d. What is the remainder when i(d) is divided by 8?
5
Let m(h) = -h**3 - 7*h**2 + 9*h + 4. Let g be m(-8). Let x(y) = -y**3 - 2*y**2 + 6*y + 6. What is the remainder when 68 is divided by x(g)?
12
Let n = -5 - -6. Let h be -7 + n - (-6 + 4). Let g = h + 17. Calculate the remainder when g is divided by 7.
6
Let x(s) = -s + 9. Let u be x(11). Calculate the remainder when (0 - 22)*2/(-4) is divided by ((-3)/u)/(2/4).
2
Suppose -4*x = x - 1225. Suppose 5*m - x = -20. What is the remainder when 26 is divided by 18/(-15)*m/(-6)?
8
Suppose 5*q + 5*h - 41 = 59, 0 = h. Suppose -3*w - 2*s + q = 0, 2*w - w + 5*s = -15. What is the remainder when 28 is divided by w?
8
Let c = 30 + -2. What is the remainder when 167 is divided by c?
27
Calculate the remainder when 1844/10 + 10/(-25) + 0 is divided by 31.
29
Suppose 5*b - 3*b = 8. Suppose 20 = b*l + l. Let x = 2 - 0. What is the remainder when l is divided by x?
0
Suppose -m = 2*w + w + 16, m - 16 = 5*w. Calculate the remainder when 1*m/(-8)*24 is divided by 5.
2
Let v be 348/18 + 4/6. Let f = -19 + v. Calculate the remainder when f is divided by 1.
0
Let n = 6 - 12. What is the remainder when (-14 - -5)/(n/8) is divided by -1 + (3 - 1) - -4?
2
Let b(t) = -t**3 + 4*t**2 - t + 1. Let w be b(4). Let m be w/(-6) + (-542)/4. What is the remainder when m/(-25) + 4/(-10) is divided by 2?
1
Suppose 5*z - 135 = -5*n, 3*n - 7*n = -3*z + 46. Calculate the remainder when z is divided by 8.
6
Suppose 3*t - 4*c = 5, -8 = -4*t - 0*t + 4*c. Suppose 5*n + 0*p - p = 49, 5 = n - 5*p. What is the remainder when n is divided by t?
1
Suppose 2*s + 3*p - 11 = 0, 4*s - 3*p + 0*p - 13 = 0. Let i(j) = j**3 + j**2 - 2. What is the remainder when s/10 - (-552)/20 is divided by i(2)?
8
Suppose 30 = v + 2*n, 2*v - 5*n - 6 = 45. What is the remainder when 54 is divided by v?
26
Let c(r) = r**2 - 3*r + 16. Calculate the remainder when c(6) is divided by 13.
8
Let c(y) = 2*y**2 - 7*y + 1. Let d be (48/28)/(4/14). Let r = 0 + d. What is the remainder when c(r) is divided by 11?
9
Suppose 54 = 2*m - j - 3*j, 3*m + 2*j = 105. Calculate the remainder when m is divided by 12.
9
Let z(i) = i**2. Calculate the remainder when z(3) is divided by 5.
4
Suppose 2*z = 8 + 26. What is the remainder when 33 is divided by z?
16
Let z be (-18)/4*4/(-6). Suppose 5*y + z = 8. Let m = y + 9. What is the remainder when 29 is divided by m?
9
Calculate the remainder when 3*((-80)/(-12) - -2) is divided by 2.
0
Let u = -15 + 80. Calculate the remainder when u is divided by 6.
5
Suppose 78 = 2*c + 2*t, 28 = -4*c + 3*t + 156. Calculate the remainder when c is divided by 9.
8
Let d(w) = -w**3 - 12*w**2 - 2*w - 12. What is the remainder when 34 is divided by d(-12)?
10
Suppose 5*d - 5*q - 275 = 0, -4*q = -3*d + 151 + 14. Let x(a) = 5*a**2 - 4*a + 2. Calculate the remainder when d is divided by x(2).
13
What is the remainder when (-3 - 1) + (103 - 0) is divided by 10?
9
Suppose -216 = -2*p + 4*l, 207 + 207 = 4*p - 2*l. What is the remainder when p is divided by 35?
32
Let z be (2*17)/(2/4). Let n = z - 39. Let q(w) = w**2 - 4*w + 5. What is the remainder when n is divided by q(5)?
9
Suppose 19 = -5*j + 59. Calculate the remainder when 38 is divided by j.
6
Suppose -4*g - 10 = -2. Let i = 3 + g. Let v = -4 - -5. Calculate the remainder when v is divided by i.
0
Suppose -4*o + 0*o = -128. What is the remainder when 62 is divided by o?
30
Suppose -10*k + 6 = -104. What is the remainder when 31 is divided by k?
9
Suppose 3*f = -4*o + 78, 3*f + 48 = -2*o + 132. What is the remainder when 58 is divided by f?
28
Let a = 7 - 16. Suppose 5*t = z + 81, 5*z - 4 = 4*z. Let l = t + a. What is the remainder when l is divided by 2?
0
Let k(c) be the second derivative of -c**4/12 - 7*c**3/6 - 3*c**2/2 - 8*c. Let s be ((-8)/6)/(1/3). Calculate the remainder when 25 is divided by k(s).
7
Let g(t) = 6*t + 16. What is the remainder when g(15) is divided by 10?
6
Suppose -5*m + 2*j + 30 = 0, m + 4*m - 30 = -4*j. Calculate the remainder when 2/m - 60/(-9) is divided by (-6)/(-3 + 0 + 1).
1
Let v(j) = -j**3 - 2*j**2 + 2*j - 3. Let z be v(-3). Suppose z = -9*f + 12*f - 72. Calculate the remainder when f is divided by 13.
11
What is the remainder when 50 is divided by 4/(-6) - (-287)/21?
11
Let k(j) = -6*j + 7. Calculate the remainder when k(-7) is divided by 17.
15
Suppose 4*a - 3 = -15, 0 = -3*f - 5*a + 9. Calculate the remainder when 9 is divided by f.
1
Suppose 17 = -4*j + 1. Let z = 13 + j. Suppose f = 4 - 1. What is the remainder when z is divided by f?
0
Let o be 4/(-20) + (-42)/(-10). Let u be o - (0 + -3 - -5). Suppose -5*a = -z + u*z - 22, 5*z - 194 = -4*a. What is the remainder when z is divided by 11?
9
Calculate the remainder when (12/(-36))/((-1)/219) is divided by 16.
9
Suppose -20 = 4*t, 7*j - 2*t = 3*j + 2. Let n = 83 + -60. What is the remainder when n is divided by (j/3)/((-2)/39)?
10
Suppose 0 = -2*d + d + 2. Suppose 185 = 4*i - 3*o, 15 = -d*i + 5*o + 90. What is the remainder when i is divided by 13?
11
Let t(p) = p**2 + p + 3. Let l(d) = -d + 9. Suppose 0 = -3*z - z + 28. What is the remainder when t(0) is divided by l(z)?
1
Let j(r) = r**2 + 4*r - 6. Let c be j(-6). Suppose 5*n = 4*f - 15, -c*n = -3*n + 9. Suppose 3*m - 40 + 7 = f. What is the remainder when 21 is divided by m?
10
Let i = 192 + -173. Suppose -5*k + 108 = -3*k - 2*g, k = -g + 56. Calculate the remainder when k is divided by i.
17
Let x = 19 - -13. Calculate the remainder when 125 is divided by x.
29
Let k = -4 - -16. Let v = 8 + -4. Suppose 5*l - l + 150 = 5*o, -v*o + 3*l = -121. What is the remainder when o is divided by k?
10
Suppose -9*l + 215 = 17. What is the remainder when 104 is divided by l?
16
Suppose -2*z + 4*z - 10 = 0. Calculate the remainder when 17 is divided by z.
2
Suppose -2*p = 5*u - 6 - 14, 5*u = 0. Let h = -27 - -31. What is the remainder when p is divided by h?
2
Let w(p) = 4*p + 5. What is the remainder when 19 is divided by w(0)?
4
Let w be 714/35 + 2/(-5